{"id":700,"date":"2022-03-08T10:39:00","date_gmt":"2022-03-08T10:39:00","guid":{"rendered":"https:\/\/indibiti.com\/?page_id=700"},"modified":"2023-03-07T09:36:13","modified_gmt":"2023-03-07T09:36:13","slug":"estudio","status":"publish","type":"page","link":"https:\/\/indibiti.com\/es\/estudio\/","title":{"rendered":"Estudio"},"content":{"rendered":"<p>[et_pb_section fb_built=\u00bb1&#8243; _builder_version=\u00bb4.17.4&#8243; custom_padding=\u00bb0px||10px||false|false\u00bb global_colors_info=\u00bb{}\u00bb][et_pb_row _builder_version=\u00bb4.17.4&#8243; _module_preset=\u00bbdefault\u00bb custom_margin=\u00bb||0px||false|false\u00bb custom_padding=\u00bb||0px||false|false\u00bb global_colors_info=\u00bb{}\u00bb][et_pb_column type=\u00bb4_4&#8243; _builder_version=\u00bb4.16&#8243; _module_preset=\u00bbdefault\u00bb global_colors_info=\u00bb{}\u00bb][et_pb_image src=\u00bbhttps:\/\/indibiti.com\/wp-content\/uploads\/2022\/05\/ESTUDIO.jpg\u00bb title_text=\u00bbESTUDIO\u00bb show_in_lightbox=\u00bbon\u00bb align=\u00bbcenter\u00bb force_fullwidth=\u00bbon\u00bb _builder_version=\u00bb4.17.4&#8243; _module_preset=\u00bbdefault\u00bb global_colors_info=\u00bb{}\u00bb][\/et_pb_image][\/et_pb_column][\/et_pb_row][et_pb_row use_custom_gutter=\u00bbon\u00bb gutter_width=\u00bb1&#8243; _builder_version=\u00bb4.17.4&#8243; _module_preset=\u00bbdefault\u00bb custom_margin=\u00bb10px||21px||false|false\u00bb custom_padding=\u00bb0px||6px||false|false\u00bb border_width_bottom=\u00bb2px\u00bb border_color_bottom=\u00bb#9e9e9e\u00bb global_colors_info=\u00bb{}\u00bb][et_pb_column type=\u00bb4_4&#8243; _builder_version=\u00bb4.17.4&#8243; _module_preset=\u00bbdefault\u00bb global_colors_info=\u00bb{}\u00bb][et_pb_image src=\u00bbhttps:\/\/indibiti.com\/wp-content\/uploads\/2022\/05\/estudio_indibiti.jpg\u00bb title_text=\u00bbestudio_indibiti\u00bb align=\u00bbright\u00bb _builder_version=\u00bb4.17.4&#8243; _module_preset=\u00bbdefault\u00bb custom_margin=\u00bb0px||0px||false|false\u00bb custom_padding=\u00bb0px||0px||false|false\u00bb global_colors_info=\u00bb{}\u00bb][\/et_pb_image][\/et_pb_column][\/et_pb_row][et_pb_row column_structure=\u00bb1_3,2_3&#8243; use_custom_gutter=\u00bbon\u00bb gutter_width=\u00bb2&#8243; _builder_version=\u00bb4.17.4&#8243; _module_preset=\u00bbdefault\u00bb min_height=\u00bb166.8px\u00bb custom_margin=\u00bb0px||||false|false\u00bb custom_padding=\u00bb0px||||false|false\u00bb border_width_bottom=\u00bb2px\u00bb border_color_bottom=\u00bb#9e9e9e\u00bb global_colors_info=\u00bb{}\u00bb][et_pb_column type=\u00bb1_3&#8243; _builder_version=\u00bb4.17.4&#8243; _module_preset=\u00bbdefault\u00bb global_colors_info=\u00bb{}\u00bb][et_pb_image src=\u00bbhttps:\/\/indibiti.com\/wp-content\/uploads\/2022\/05\/beinta.png\u00bb title_text=\u00bbbeinta\u00bb align=\u00bbcenter\u00bb _builder_version=\u00bb4.17.4&#8243; _module_preset=\u00bbdefault\u00bb global_colors_info=\u00bb{}\u00bb][\/et_pb_image][et_pb_text _builder_version=\u00bb4.17.4&#8243; _module_preset=\u00bbdefault\u00bb text_font=\u00bbRoboto|300|||||||\u00bb text_font_size=\u00bb17px\u00bb text_orientation=\u00bbcenter\u00bb global_colors_info=\u00bb{}\u00bb]<\/p>\n<p>Beinat Anzola Uriarte<br \/><strong>Arquitecto<\/strong><\/p>\n<p>[\/et_pb_text][\/et_pb_column][et_pb_column type=\u00bb2_3&#8243; _builder_version=\u00bb4.17.4&#8243; _module_preset=\u00bbdefault\u00bb global_colors_info=\u00bb{}\u00bb][et_pb_text _builder_version=\u00bb4.20.1&#8243; _module_preset=\u00bbdefault\u00bb text_font=\u00bbRoboto|300|||||||\u00bb text_font_size=\u00bb17px\u00bb text_orientation=\u00bbjustified\u00bb min_height=\u00bb20.8px\u00bb custom_margin=\u00bb11px||26px||false|false\u00bb custom_padding=\u00bb||9px||false|false\u00bb hover_enabled=\u00bb0&#8243; global_colors_info=\u00bb{}\u00bb sticky_enabled=\u00bb0&#8243;]<\/p>\n<p>Experiencia profesional como arquitecto titulado desde el a\u00f1o 2007. Durante estos a\u00f1os, se han realizado numerosos trabajos de construcci\u00f3n tanto en solitario como en colaboraci\u00f3n con otros arquitectos.<\/p>\n<p>Con el objetivo de ofrecer a los clientes un punto de referencia para acudir a solucionar dudas, recibir o aportar documentaci\u00f3n y organizar reuniones, el estudio de Arquitectura INDIBITI se abri\u00f3 en su ubicaci\u00f3n actual en diciembre de 2019.<\/p>\n<p>[\/et_pb_text][\/et_pb_column][\/et_pb_row][\/et_pb_section][et_pb_section fb_built=\u00bb1&#8243; _builder_version=\u00bb4.17.4&#8243; _module_preset=\u00bbdefault\u00bb background_color=\u00bb#FFFFFF\u00bb custom_padding=\u00bb17px||0px||false|false\u00bb global_colors_info=\u00bb{}\u00bb][et_pb_row column_structure=\u00bb1_3,2_3&#8243; use_custom_gutter=\u00bbon\u00bb gutter_width=\u00bb2&#8243; _builder_version=\u00bb4.17.4&#8243; _module_preset=\u00bbdefault\u00bb border_width_bottom=\u00bb2px\u00bb border_color_bottom=\u00bb#9e9e9e\u00bb global_colors_info=\u00bb{}\u00bb][et_pb_column type=\u00bb1_3&#8243; _builder_version=\u00bb4.17.3&#8243; _module_preset=\u00bbdefault\u00bb global_colors_info=\u00bb{}\u00bb][et_pb_text admin_label=\u00bbSERVICIOS PRESTADOS\u00bb _builder_version=\u00bb4.20.1&#8243; _module_preset=\u00bbdefault\u00bb text_font=\u00bbRoboto Condensed|700||on|||||\u00bb text_text_color=\u00bb#000000&#8243; text_font_size=\u00bb21px\u00bb global_colors_info=\u00bb{}\u00bb]<\/p>\n<p style=\"text-align: center;\"><strong>SERVICIOS PRESTADOS<\/strong><\/p>\n<p>[\/et_pb_text][\/et_pb_column][et_pb_column type=\u00bb2_3&#8243; _builder_version=\u00bb4.17.4&#8243; _module_preset=\u00bbdefault\u00bb global_colors_info=\u00bb{}\u00bb][et_pb_text _builder_version=\u00bb4.20.1&#8243; _module_preset=\u00bbdefault\u00bb text_font=\u00bbRoboto|300|||||||\u00bb text_text_color=\u00bb#000000&#8243; text_font_size=\u00bb17px\u00bb text_line_height=\u00bb1.4em\u00bb header_4_font=\u00bbRoboto Condensed|700||on|||||\u00bb min_height=\u00bb405.6px\u00bb custom_margin=\u00bb0px||||false|false\u00bb custom_padding=\u00bb||0px|||\u00bb global_colors_info=\u00bb{}\u00bb text_line_height__hover_enabled=\u00bboff|desktop\u00bb]<\/p>\n<p>Estudio especializado en la redacci\u00f3n de proyectos de construcci\u00f3n para:<\/p>\n<ul id=\"listado\">\n<li>Edificios de <strong>nueva planta<\/strong>.<\/li>\n<li><strong>Trabajos de rehabilitaci\u00f3n y reforma<\/strong> de edificios existentes (Caser\u00edos).<\/li>\n<\/ul>\n<p>Como complemento, tambi\u00e9n se realizan:<\/p>\n<ul id=\"listado\">\n<li><strong>Infograf\u00edas<\/strong> y modelizado <strong>3D<\/strong><\/li>\n<li><strong>An\u00e1lisis y certificaciones energ\u00e9ticas.<\/strong><\/li>\n<li><strong>Gesti\u00f3n de autorizaciones<\/strong> ante las administraciones p\u00fablicas (Ayuntamientos, Diputaciones, Gobierno vasco\u2026)<\/li>\n<li><strong>Proyectos de actividad<\/strong> (comercios, oficinas\u2026)<\/li>\n<li>Propuestas de <strong>interiorismo.<\/strong><\/li>\n<li>Inspecciones T\u00e9cnicas de Edificios (<strong>ITE<\/strong>-s)<\/li>\n<\/ul>\n<p>[\/et_pb_text][\/et_pb_column][\/et_pb_row][\/et_pb_section][et_pb_section fb_built=\u00bb1&#8243; _builder_version=\u00bb4.17.4&#8243; _module_preset=\u00bbdefault\u00bb custom_padding=\u00bb13px||||false|false\u00bb global_colors_info=\u00bb{}\u00bb][et_pb_row column_structure=\u00bb1_3,2_3&#8243; use_custom_gutter=\u00bbon\u00bb gutter_width=\u00bb2&#8243; _builder_version=\u00bb4.17.4&#8243; _module_preset=\u00bbdefault\u00bb custom_margin=\u00bb||||false|false\u00bb global_colors_info=\u00bb{}\u00bb][et_pb_column type=\u00bb1_3&#8243; _builder_version=\u00bb4.16&#8243; _module_preset=\u00bbdefault\u00bb global_colors_info=\u00bb{}\u00bb][et_pb_text admin_label=\u00bbHAGAMOSLO JUNTOS\u00bb _builder_version=\u00bb4.20.1&#8243; _module_preset=\u00bbdefault\u00bb text_font=\u00bbRoboto Condensed|700||on|||||\u00bb text_font_size=\u00bb21px\u00bb global_colors_info=\u00bb{}\u00bb]<\/p>\n<p style=\"text-align: center;\"><strong>HAG\u00c1MOSLO JUNTOS<\/strong><\/p>\n<p>[\/et_pb_text][\/et_pb_column][et_pb_column type=\u00bb2_3&#8243; _builder_version=\u00bb4.16&#8243; _module_preset=\u00bbdefault\u00bb global_colors_info=\u00bb{}\u00bb][et_pb_text _builder_version=\u00bb4.20.1&#8243; _module_preset=\u00bbdefault\u00bb text_font=\u00bbRoboto|300|||||||\u00bb text_font_size=\u00bb17px\u00bb text_orientation=\u00bbjustified\u00bb global_colors_info=\u00bb{}\u00bb]<\/p>\n<p>Cada proyecto es un mundo. La ubicaci\u00f3n, la orientaci\u00f3n, la forma de vida del cliente, sus gustos y necesidades\u2026 un buen Proyecto requiere conciliar todos estos aspectos y buscar un equilibrio que d\u00e9 como resultado un edificio adecuado al cliente, pr\u00e1ctico, integrado en su entorno y energ\u00e9ticamente eficiente.<\/p>\n<p>Tenemos a nuestro alrededor una arquitectura tradicional muy interesante y variada, donde el uso de los materiales como la madera y la piedra tienen un gran protagonismo.<\/p>\n<p>En los trabajos de rehabilitaci\u00f3n y reforma realizados queda patente el af\u00e1n de dar todo el protagonismo a las diferentes texturas de materiales como la madera, la piedra, el ladrillo caravista\u2026 sin olvidarnos de que las nuevas formas de vida requieren de nuevos espacios, zonas m\u00e1s luminosas, mejor climatizadas\u2026<\/p>\n<p>En las viviendas de obra nueva proyectadas, se observa inmediatamente que la relaci\u00f3n interior-exterior de estas viviendas es el germen de todo el proyecto. El poder interactuar f\u00e1cilmente con el exterior, que el espacio interior se expanda visualmente hacia el exterior, que los ventanales est\u00e9n protegidos del excesivo soleamiento durante el verano pero, sin embargo, el sol caliente la casa durante el invierno\u2026<\/p>\n<p>Tanto en obras de reforma como en las de nueva planta, se incorporan las mejores soluciones constructivas para obtener las mejores calificaciones energ\u00e9ticas.<\/p>\n<p>[\/et_pb_text][\/et_pb_column][\/et_pb_row][\/et_pb_section]<\/p>\n","protected":false},"excerpt":{"rendered":"<p>Beinat Anzola UriarteArquitectoExperiencia profesional como arquitecto titulado desde el a\u00f1o 2007. Durante estos a\u00f1os, se han realizado numerosos trabajos de construcci\u00f3n tanto en solitario como en colaboraci\u00f3n con otros arquitectos. Con el objetivo de ofrecer a los clientes un punto de referencia para acudir a solucionar dudas, recibir o aportar documentaci\u00f3n y organizar reuniones, el [&hellip;]<\/p>\n","protected":false},"author":1,"featured_media":0,"parent":0,"menu_order":0,"comment_status":"closed","ping_status":"closed","template":"","meta":{"_et_pb_use_builder":"on","_et_pb_old_content":"","_et_gb_content_width":"","footnotes":""},"class_list":["post-700","page","type-page","status-publish","hentry"],"_links":{"self":[{"href":"https:\/\/indibiti.com\/es\/wp-json\/wp\/v2\/pages\/700","targetHints":{"allow":["GET"]}}],"collection":[{"href":"https:\/\/indibiti.com\/es\/wp-json\/wp\/v2\/pages"}],"about":[{"href":"https:\/\/indibiti.com\/es\/wp-json\/wp\/v2\/types\/page"}],"author":[{"embeddable":true,"href":"https:\/\/indibiti.com\/es\/wp-json\/wp\/v2\/users\/1"}],"replies":[{"embeddable":true,"href":"https:\/\/indibiti.com\/es\/wp-json\/wp\/v2\/comments?post=700"}],"version-history":[{"count":85,"href":"https:\/\/indibiti.com\/es\/wp-json\/wp\/v2\/pages\/700\/revisions"}],"predecessor-version":[{"id":1674,"href":"https:\/\/indibiti.com\/es\/wp-json\/wp\/v2\/pages\/700\/revisions\/1674"}],"wp:attachment":[{"href":"https:\/\/indibiti.com\/es\/wp-json\/wp\/v2\/media?parent=700"}],"curies":[{"name":"wp","href":"https:\/\/api.w.org\/{rel}","templated":true}]}}

<p>[et_pb_section fb_built=»1&#8243; _builder_version=»4.17.4&#8243; custom_padding=»0px||10px||false|false» global_colors_info=»{}»][et_pb_row _builder_version=»4.17.4&#8243; _module_preset=»default» custom_margin=»||0px||false|false» custom_padding=»||0px||false|false» global_colors_info=»{}»][et_pb_column type=»4_4&#8243; _builder_version=»4.16&#8243; _module_preset=»default» global_colors_info=»{}»][et_pb_image src=»https://indibiti.com/wp-content/uploads/2022/05/ESTUDIO.jpg» title_text=»ESTUDIO» show_in_lightbox=»on» align=»center» force_fullwidth=»on» _builder_version=»4.17.4&#8243; _module_preset=»default» global_colors_info=»{}»][/et_pb_image][/et_pb_column][/et_pb_row][et_pb_row use_custom_gutter=»on» gutter_width=»1&#8243; _builder_version=»4.17.4&#8243; _module_preset=»default» custom_margin=»10px||21px||false|false» custom_padding=»0px||6px||false|false» border_width_bottom=»2px» border_color_bottom=»#9e9e9e» global_colors_info=»{}»][et_pb_column type=»4_4&#8243; _builder_version=»4.17.4&#8243; _module_preset=»default» global_colors_info=»{}»][et_pb_image src=»https://indibiti.com/wp-content/uploads/2022/05/estudio_indibiti.jpg» title_text=»estudio_indibiti» align=»right» _builder_version=»4.17.4&#8243; _module_preset=»default» custom_margin=»0px||0px||false|false» custom_padding=»0px||0px||false|false» global_colors_info=»{}»][/et_pb_image][/et_pb_column][/et_pb_row][et_pb_row column_structure=»1_3,2_3&#8243; use_custom_gutter=»on» gutter_width=»2&#8243; _builder_version=»4.17.4&#8243; _module_preset=»default» min_height=»166.8px» custom_margin=»0px||||false|false» custom_padding=»0px||||false|false» border_width_bottom=»2px» border_color_bottom=»#9e9e9e» global_colors_info=»{}»][et_pb_column type=»1_3&#8243; _builder_version=»4.17.4&#8243; _module_preset=»default» global_colors_info=»{}»][et_pb_image src=»https://indibiti.com/wp-content/uploads/2022/05/beinta.png» title_text=»beinta» align=»center» _builder_version=»4.17.4&#8243; _module_preset=»default» global_colors_info=»{}»][/et_pb_image][et_pb_text _builder_version=»4.17.4&#8243; _module_preset=»default» text_font=»Roboto|300|||||||» text_font_size=»17px» text_orientation=»center» global_colors_info=»{}»]</p>
<p>Beinat Anzola Uriarte<br /><strong>Arquitecto</strong></p>
<p>[/et_pb_text][/et_pb_column][et_pb_column type=»2_3&#8243; _builder_version=»4.17.4&#8243; _module_preset=»default» global_colors_info=»{}»][et_pb_text _builder_version=»4.20.1&#8243; _module_preset=»default» text_font=»Roboto|300|||||||» text_font_size=»17px» text_orientation=»justified» min_height=»20.8px» custom_margin=»11px||26px||false|false» custom_padding=»||9px||false|false» hover_enabled=»0&#8243; global_colors_info=»{}» sticky_enabled=»0&#8243;]</p>
<p>Experiencia profesional como arquitecto titulado desde el año 2007. Durante estos años, se han realizado numerosos trabajos de construcción tanto en solitario como en colaboración con otros arquitectos.</p>
<p>Con el objetivo de ofrecer a los clientes un punto de referencia para acudir a solucionar dudas, recibir o aportar documentación y organizar reuniones, el estudio de Arquitectura INDIBITI se abrió en su ubicación actual en diciembre de 2019.</p>
<p>[/et_pb_text][/et_pb_column][/et_pb_row][/et_pb_section][et_pb_section fb_built=»1&#8243; _builder_version=»4.17.4&#8243; _module_preset=»default» background_color=»#FFFFFF» custom_padding=»17px||0px||false|false» global_colors_info=»{}»][et_pb_row column_structure=»1_3,2_3&#8243; use_custom_gutter=»on» gutter_width=»2&#8243; _builder_version=»4.17.4&#8243; _module_preset=»default» border_width_bottom=»2px» border_color_bottom=»#9e9e9e» global_colors_info=»{}»][et_pb_column type=»1_3&#8243; _builder_version=»4.17.3&#8243; _module_preset=»default» global_colors_info=»{}»][et_pb_text admin_label=»SERVICIOS PRESTADOS» _builder_version=»4.20.1&#8243; _module_preset=»default» text_font=»Roboto Condensed|700||on|||||» text_text_color=»#000000&#8243; text_font_size=»21px» global_colors_info=»{}»]</p>
<p style="text-align: center;"><strong>SERVICIOS PRESTADOS</strong></p>
<p>[/et_pb_text][/et_pb_column][et_pb_column type=»2_3&#8243; _builder_version=»4.17.4&#8243; _module_preset=»default» global_colors_info=»{}»][et_pb_text _builder_version=»4.20.1&#8243; _module_preset=»default» text_font=»Roboto|300|||||||» text_text_color=»#000000&#8243; text_font_size=»17px» text_line_height=»1.4em» header_4_font=»Roboto Condensed|700||on|||||» min_height=»405.6px» custom_margin=»0px||||false|false» custom_padding=»||0px|||» global_colors_info=»{}» text_line_height__hover_enabled=»off|desktop»]</p>
<p>Estudio especializado en la redacción de proyectos de construcción para:</p>
<ul id="listado">
<li>Edificios de <strong>nueva planta</strong>.</li>
<li><strong>Trabajos de rehabilitación y reforma</strong> de edificios existentes (Caseríos).</li>
</ul>
<p>Como complemento, también se realizan:</p>
<ul id="listado">
<li><strong>Infografías</strong> y modelizado <strong>3D</strong></li>
<li><strong>Análisis y certificaciones energéticas.</strong></li>
<li><strong>Gestión de autorizaciones</strong> ante las administraciones públicas (Ayuntamientos, Diputaciones, Gobierno vasco…)</li>
<li><strong>Proyectos de actividad</strong> (comercios, oficinas…)</li>
<li>Propuestas de <strong>interiorismo.</strong></li>
<li>Inspecciones Técnicas de Edificios (<strong>ITE</strong>-s)</li>
</ul>
<p>[/et_pb_text][/et_pb_column][/et_pb_row][/et_pb_section][et_pb_section fb_built=»1&#8243; _builder_version=»4.17.4&#8243; _module_preset=»default» custom_padding=»13px||||false|false» global_colors_info=»{}»][et_pb_row column_structure=»1_3,2_3&#8243; use_custom_gutter=»on» gutter_width=»2&#8243; _builder_version=»4.17.4&#8243; _module_preset=»default» custom_margin=»||||false|false» global_colors_info=»{}»][et_pb_column type=»1_3&#8243; _builder_version=»4.16&#8243; _module_preset=»default» global_colors_info=»{}»][et_pb_text admin_label=»HAGAMOSLO JUNTOS» _builder_version=»4.20.1&#8243; _module_preset=»default» text_font=»Roboto Condensed|700||on|||||» text_font_size=»21px» global_colors_info=»{}»]</p>
<p style="text-align: center;"><strong>HAGÁMOSLO JUNTOS</strong></p>
<p>[/et_pb_text][/et_pb_column][et_pb_column type=»2_3&#8243; _builder_version=»4.16&#8243; _module_preset=»default» global_colors_info=»{}»][et_pb_text _builder_version=»4.20.1&#8243; _module_preset=»default» text_font=»Roboto|300|||||||» text_font_size=»17px» text_orientation=»justified» global_colors_info=»{}»]</p>
<p>Cada proyecto es un mundo. La ubicación, la orientación, la forma de vida del cliente, sus gustos y necesidades… un buen Proyecto requiere conciliar todos estos aspectos y buscar un equilibrio que dé como resultado un edificio adecuado al cliente, práctico, integrado en su entorno y energéticamente eficiente.</p>
<p>Tenemos a nuestro alrededor una arquitectura tradicional muy interesante y variada, donde el uso de los materiales como la madera y la piedra tienen un gran protagonismo.</p>
<p>En los trabajos de rehabilitación y reforma realizados queda patente el afán de dar todo el protagonismo a las diferentes texturas de materiales como la madera, la piedra, el ladrillo caravista… sin olvidarnos de que las nuevas formas de vida requieren de nuevos espacios, zonas más luminosas, mejor climatizadas…</p>
<p>En las viviendas de obra nueva proyectadas, se observa inmediatamente que la relación interior-exterior de estas viviendas es el germen de todo el proyecto. El poder interactuar fácilmente con el exterior, que el espacio interior se expanda visualmente hacia el exterior, que los ventanales estén protegidos del excesivo soleamiento durante el verano pero, sin embargo, el sol caliente la casa durante el invierno…</p>
<p>Tanto en obras de reforma como en las de nueva planta, se incorporan las mejores soluciones constructivas para obtener las mejores calificaciones energéticas.</p>
<p>[/et_pb_text][/et_pb_column][/et_pb_row][/et_pb_section]</p>

<p>Beinat Anzola UriarteArquitectoExperiencia profesional como arquitecto titulado desde el año 2007. Durante estos años, se han realizado numerosos trabajos de construcción tanto en solitario como en colaboración con otros arquitectos. Con el objetivo de ofrecer a los clientes un punto de referencia para acudir a solucionar dudas, recibir o aportar documentación y organizar reuniones, el [&hellip;]</p>
